f 542860850?
0
What is the ten thousands digit of 8009292717?
9
What is the ten millions digit of 408215128?
0
What is the tens digit of 303833784?
8
What is the hundred millions digit of 291376149?
2
What is the units digit of 365097923?
3
What is the millions digit of 80529598?
0
What is the thousands digit of 262957361?
7
What is the hundreds digit of 35867981?
9
What is the hundreds digit of 6842180520?
5
What is the millions digit of 340281523?
0
What is the ten millions digit of 114512099?
1
What is the hundred millions digit of 149844069?
1
What is the units digit of 4786278?
8
What is the ten millions digit of 2782687747?
8
What is the hundreds digit of 2019512652?
6
What is the units digit of 58115726?
6
What is the ten thousands digit of 409557046?
5
What is the ten thousands digit of 227265347?
6
What is the hundreds digit of 3211387869?
8
What is the hundred thousands digit of 206704163?
7
What is the tens digit of 43176680?
8
What is the ten millions digit of 86680711?
8
What is the units digit of 18085777?
7
What is the millions digit of 27880182?
7
What is the tens digit of 6980240692?
9
What is the hundreds digit of 90940401?
4
What is the tens digit of 644711593?
9
What is the units digit of 1101279582?
2
What is the billions digit of 2081310323?
2
What is the hundred thousands digit of 81541556?
5
What is the tens digit of 218588333?
3
What is the thousands digit of 3651380097?
0
What is the tens digit of 78444279?
7
What is the tens digit of 27253822?
2
What is the hundred thousands digit of 212251307?
2
What is the tens digit of 27395732?
3
What is the hundred millions digit of 2456020933?
4
What is the ten millions digit of 592477911?
9
What is the units digit of 135723336?
6
What is the millions digit of 414083192?
4
What is the ten thousands digit of 26957567?
5
What is the thousands digit of 195111864?
1
What is the units digit of 233191536?
6
What is the ten millions digit of 8815989449?
1
What is the ten millions digit of 421360582?
2
What is the ten millions digit of 83867113?
8
What is the thousands digit of 814020379?
0
What is the hundreds digit of 82082747?
7
What is the thousands digit of 13944018?
4
What is the units digit of 235047198?
8
What is the ten millions digit of 13544112?
1
What is the hundreds digit of 737121876?
8
What is the tens digit of 419275223?
2
What is the units digit of 43440297?
7
What is the tens digit of 647123914?
1
What is the thousands digit of 18847030?
7
What is the units digit of 3889815676?
6
What is the hundred thousands digit of 683103628?
1
What is the hundred millions digit of 194366306?
1
What is the hundreds digit of 30930280?
2
What is the ten thousands digit of 5782557?
8
What is the thousands digit of 2310672086?
2
What is the ten thousands digit of 1058652886?
5
What is the thousands digit of 1976329864?
9
What is the ten thousands digit of 129277522?
7
What is the hundred thousands digit of 408090009?
0
What is the ten millions digit of 61878959?
6
What is the millions digit of 884854988?
4
What is the thousands digit of 64199973?
9
What is the thousands digit of 303589031?
9
What is the billions digit of 1583432010?
1
What is the hundreds digit of 87481415?
4
What is the ten thousands digit of 3629545066?
4
What is the tens digit of 22251090?
9
What is the thousands digit of 84237530?
7
What is the tens digit of 8556384?
8
What is the hundred thousands digit of 333065600?
0
What is the hundred thousands digit of 14143142?
1
What is the hundreds digit of 28797692?
6
What is the thousands digit of 182567027?
7
What is the ten thousands digit of 52663437?
6
What is the hundreds digit of 94935520?
5
What is the ten thousands digit of 82444061?
4
What is the ten millions digit of 399314276?
9
What is the hundreds digit of 885843015?
0
What is the hundred millions digit of 218366180?
2
What is the hundreds digit of 3088530213?
2
What is the hundreds digit of 84248145?
1
What is the hundred millions digit of 1272744178?
2
What is the hundred thousands digit of 64538041?
5
What is the billions digit of 2199349621?
2
What is the ten thousands digit of 108391384?
9
What is the tens digit of 29337725?
2
What is the billions digit of 1186769269?
1
What is the hundreds digit of 1151977757?
7
What is the tens digit of 3021362970?
7
What is the ten millions digit of 17957790?
1
What is the hundred thousands digit of 87817540?
8
What is the hundred thousands digit of 4859859218?
8
What is the hundred thousands digit of 105683280?
6
What is the hundreds digit of 138816346?
3
What is the millions digit of 41852753?
1
What is the hundred millions digit of 970334127?
9
What is the ten thousands digit of 6846169?
4
What is the hundred millions digit of 118341061?
1
What is the ten thousands digit of 2167867563?
6
What is the hundred thousands digit of 64498497?
4
What is the units digit of 174135256?
6
What is the thousands digit of 6389162906?
2
What is the units digit of 2468214631?
1
What is the units digit of 121115377?
7
What is the hundreds digit of 93430594?
5
What is the ten thousands digit of 1320695621?
9
What is the ten millions digit of 72544113?
7
What is the units digit of 649330970?
0
What is the ten millions digit of 582291946?
8
What is the hundreds digit of 172646860?
8
What is the thousands digit of 374260955?
0
What is the tens digit of 160515206?
0
What is the units digit of 139716763?
3
What is the units digit of 2583398680?
0
What is the tens digit of 34424915?
1
What is the hundreds digit of 5515918485?
4
What is the hundreds digit of 226908617?
6
What is the hundred thousands digit of 1593623082?
6
What is the units digit of 18436899?
9
What is the hundred thousands digit of 3553471290?
4
What is the thousands digit of 2868185781?
5
What is the tens digit of 298351355?
5
What is the ten millions digit of 371529273?
7
What is the millions digit of 41805198?
1
What is the hundreds digit of 374860091?
0
What is the ten thousands digit of 203277770?
7
What is the millions digit of 57335818?
7
What is the tens digit of 43590818?
1
What is the units digit of 535709341?
1
What is the tens digit of 405568058?
5
What is the hundreds digit of 125288467?
4
What is the millions digit of 2834787608?
4
What is the tens digit of 119401196?
9
What is the ten millions digit of 84338277?
8
What is the hundred millions digit of 409052676?
4
What is the hundred millions digit of 6806214954?
8
What is the millions digit of 687673963?
7
What is the ten thousands digit of 5915966289?
6
What is the ten millions digit of 1150364561?
5
What is the units digit of 69331323?
3
What is the hundred millions digit of 146735830?
1
What is the millions digit of 164832343?
4
What is the thousands digit of 40533251?
3
What is the units digit of 60854811?
1
What is the thousands digit of 158266999?
6
What is the tens digit of 48483493?
9
What is the units digit of 1740625429?
9
What is the hundred millions digit of 815983389?
8
What is the millions digit of 11536027?
1
What is the hundreds digit of 96152349?
3
What is the units digit of 3065067735?
5
What is the millions digit of 133242557?
3
What is the ten millions digit of 4177852529?
7
What is the hundred millions digit of 1247619812?
2
What is the millions digit of 76445310?
6
What is the thousands digit of 2616851?
6
What is the hundred millions digit of 883793822?
8
What is the billions digit of 6848243589?
6
What is the tens digit of 3525516677?
7
What is the tens digit of 340589389?
8
What is the millions digit of 894559055?
4
What is the thousands digit of 450232495?
2
What is the tens digit of 30752561?
6
What is the thousands digit of 26208425?
8
What is the hundreds digit of 1047494090?
0
What is the millions digit of 55254989?
5
What is the tens digit of 61314277?
7
What is the hundred millions digit of 288676396?
2
What is the thousands digit of 810577524?
7
What is the hundred thousands digit of 93759001?
7
What is the ten thousands digit of 12796271?
9
What is the hundred millions digit of 288398515?
2
What is the billions digit of 1943879898?
1
What is the hundreds digit of 184248667?
6
What is the tens digit of 95072907?
0
What is the units digit of 128003935?
5
What is the hundreds digit of 106522625?
6
What is the hundred tho